{"id":57,"date":"2024-03-18T00:50:36","date_gmt":"2024-03-18T00:50:36","guid":{"rendered":"https:\/\/gestiononline.ca\/?page_id=57"},"modified":"2025-04-03T17:53:27","modified_gmt":"2025-04-03T17:53:27","slug":"nous-joindre","status":"publish","type":"page","link":"https:\/\/domanotaires.ca\/index.php\/nous-joindre\/","title":{"rendered":"Nous joindre"},"content":{"rendered":"\n<p class=\"has-large-font-size\"><strong>DOMA Notaires<\/strong><\/p>\n\n\n\n<p>(Maltais, Labrecque et Tremblay Notaires)<\/p>\n\n\n\n<p>136, rue Racine Est,<br>Saguenay (Chicoutimi), Qu\u00e9bec, G7H 1R7<\/p>\n\n\n\n<a href=\"mailto:info@domanotaires.ca\" class=\"email-link\">\n    <i class=\"fa-solid fa-envelope\"><\/i> info@domanotaires.ca\n<\/a><p>\n\n\n\n<p>T\u00e9l\u00e9phone : 418-698-4646<br>Fax : 418-698-4648<\/p>\n\n\n\n<p><\/p>\n","protected":false},"excerpt":{"rendered":"<p>DOMA Notaires (Maltais, Labrecque et Tremblay Notaires) 136, rue Racine Est,Saguenay (Chicoutimi), Qu\u00e9bec, G7H 1R7 info@domanotaires.ca T\u00e9l\u00e9phone : 418-698-4646Fax : 418-698-4648<\/p>\n","protected":false},"author":1,"featured_media":0,"parent":0,"menu_order":0,"comment_status":"closed","ping_status":"closed","template":"","meta":{"footnotes":""},"class_list":["post-57","page","type-page","status-publish"],"_links":{"self":[{"href":"https:\/\/domanotaires.ca\/index.php\/wp-json\/wp\/v2\/pages\/57","targetHints":{"allow":["GET"]}}],"collection":[{"href":"https:\/\/domanotaires.ca\/index.php\/wp-json\/wp\/v2\/pages"}],"about":[{"href":"https:\/\/domanotaires.ca\/index.php\/wp-json\/wp\/v2\/types\/page"}],"author":[{"embeddable":true,"href":"https:\/\/domanotaires.ca\/index.php\/wp-json\/wp\/v2\/users\/1"}],"replies":[{"embeddable":true,"href":"https:\/\/domanotaires.ca\/index.php\/wp-json\/wp\/v2\/comments?post=57"}],"version-history":[{"count":6,"href":"https:\/\/domanotaires.ca\/index.php\/wp-json\/wp\/v2\/pages\/57\/revisions"}],"predecessor-version":[{"id":336,"href":"https:\/\/domanotaires.ca\/index.php\/wp-json\/wp\/v2\/pages\/57\/revisions\/336"}],"wp:attachment":[{"href":"https:\/\/domanotaires.ca\/index.php\/wp-json\/wp\/v2\/media?parent=57"}],"curies":[{"name":"wp","href":"https:\/\/api.w.org\/{rel}","templated":true}]}}